{"id":4998,"date":"2024-05-25T16:06:36","date_gmt":"2024-05-25T14:06:36","guid":{"rendered":"https:\/\/citationstyler.com\/?post_type=product&#038;p=4998"},"modified":"2026-04-27T17:38:37","modified_gmt":"2026-04-27T15:38:37","slug":"citation-style-universitat-bayreuth-img-institut-fur-medizinmanagement-und-gesundheitswissenschaften","status":"publish","type":"product","link":"https:\/\/citationstyler.com\/en\/zitierstile\/zitierstil-universitat-bayreuth-img-institut-fur-medizinmanagement-und-gesundheitswissenschaften\/","title":{"rendered":"Zitierstil Universit\u00e4t Bayreuth &#8211; IMG Institut f\u00fcr Medizinmanagement und Gesundheitswissenschaften"},"content":{"rendered":"<h3>Example citations:<\/h3>\n<p><span style=\"text-decoration: underline;\">Footnotes:<\/span><br \/>\n1 Vgl. Campbell und Pedersen (2007), S. 333.<br \/>\n2 Isaacson (2011).<br \/>\n3 Mares (2001).<br \/>\n4 Isaacson (2011), S. 22.<\/p>\n<p><span style=\"text-decoration: underline;\">Bibliography:<\/span><u><br \/>\n<\/u>Campbell JL und Pedersen OK: The varieties of capitalism and hybrid success, Comparative Political Studies, 2007, 40(3), S. 307\u2013332.<br \/>\nIsaacson W: Steve Jobs, Simon &amp; Schuster, New York, NY, 2011.<br \/>\nMares I: Firms and the welfare state: When, why, and how does social policy matter to employers?, in: Hall PA und Soskice D (Hrsg.): Varieties of capitalism. The institutional foundations of comparative advantage, Oxford University Press, New York, 2001, S. 184\u201321<\/p>\n<p>&nbsp;<\/p>\n<p><strong>Warum f\u00fcr den offiziellen Zitierstil Universit\u00e4t Bayreuth &#8211; IMG Institut f\u00fcr Medizinmanagement und Gesundheitswissenschaften Zitierstil bezahlen?<\/strong><\/p>\n<ul>\n<li data-sourcepos=\"17:1-17:130\"><strong>High-quality coding:<\/strong> The style has been developed by a <a href=\"https:\/\/citationstyler.com\/en\/professional-zotero-style-developer-csl-expert\/\">experienced Zotero style expert<\/a> and is continuously maintained and updated.<\/li>\n<li data-sourcepos=\"18:1-18:161\"><strong>Exclusivity:<\/strong> The style is <strong>no free<\/strong> and thus offers you the certainty that you are getting a <strong>high-quality<\/strong> product.<\/li>\n<li data-sourcepos=\"19:1-19:129\"><strong>Fair price<\/strong> The price for the style is significantly cheaper than the cost of a professional proofreading service.<\/li>\n<li data-sourcepos=\"20:1-21:0\"><strong>Support of the developer:<\/strong> By purchasing the style, you support the further development and maintenance of the style.<\/li>\n<\/ul>\n<p>&nbsp;<\/p>\n<p><strong>Order now and benefit from the advantages:<\/strong><\/p>\n<ul>\n<li data-sourcepos=\"26:1-26:87\"><strong>Fast delivery:<\/strong> You will receive the style by e-mail immediately after receipt of payment.<\/li>\n<li data-sourcepos=\"27:1-27:119\"><strong>Simple installation:<\/strong> The style can be installed in your reference management program with just a few clicks.<\/li>\n<li data-sourcepos=\"28:1-29:0\"><strong>Secure payment:<\/strong> Pay conveniently and securely by PayPal or credit card.<\/li>\n<\/ul>\n<p>&nbsp;<\/p>\n<h3>Notes about the style<\/h3>\n<p><span style=\"text-decoration: underline;\"><strong>vgl.&#8220; fehlt?<\/strong><\/span><br \/>\nThis can be added in Zotero using the prefix field. To do this, click on the citation in Word and a field will appear to enter the prefix and suffix, as well as the exact page number.<\/p>\n<p><span style=\"text-decoration: underline;\"><strong>My footnote numbering style is incorrect. How can I change it?<\/strong><\/span><br \/>\nThe footnote numbering is NOT managed by the citation style, but by Word. You can therefore change this yourself in Word. The citation style has no control over this. Please seek Word-specific help for this.<\/p>\n<p><span style=\"text-decoration: underline;\"><strong>Found an error?<\/strong><\/span><br \/>\nWith complex styles such as this, it can easily lead to discrepancies in special cases. Please consult the citation guidelines first and use a working example to check whether the data is entered <strong>correctly <\/strong>in <strong>Zotero. <\/strong>If it still looks like the style itself has an error, please write to me via <a href=\"mailto:info@citationstyler.com\">info@citationstyler.com<\/a>.<\/p>\n<p><span style=\"text-decoration: underline;\"><strong>Disclaimer<\/strong><\/span><u><strong><br \/>\n<\/strong><\/u>The file is only intended for use on the computer of the person who purchased the citation style. Forwarding the file to other users may be punished as a copyright infringement.<\/p>\n<p>Incorrect data entry or user errors can lead to errors in your output. As the author of your work, you are responsible for any errors and it is recommended that you check all citations.<\/p>","protected":false},"excerpt":{"rendered":"<h3><strong>No more tedious citation formatting!<\/strong><\/h3>\n<p>With the official <b>Zitierstil f\u00fcr die Zitierstil Universit\u00e4t Bayreuth &#8211; IMG Institut f\u00fcr Medizinmanagement und Gesundheitswissenschaften<\/b> for Zotero, RefWorks, Papers and other reference managers you'll be able to write your thesis error-free and without headaches.<\/p>\n<p><b>Benefit from:<\/b><\/p>\n<ul>\n<li><b>Automatic formatting <\/b>by <strong>citations<\/strong> and <strong>your bibliography<\/strong>. The style is based on the\u00a0 <a href=\"https:\/\/www.th-koeln.de\/mam\/downloads\/deutsch\/studium\/studiengaenge\/f02\/rest_ba\/f02_cics_merkblatt_ba_ma_studienarbeiten_190902.pdf\"><strong>Richtlinien vom 20.01.2020<\/strong><\/a> <span id=\"isPasted\">as linked<\/span>.<\/li>\n<li><b>Saving valuable time and stress:<\/b> Forget about hours of manual formatting and concentrate on the essentials: your scientific work.<\/li>\n<li><b>Compatibility with various programs:<\/b> Use the style with Zotero, RefWorks, Papers, Mendeley Desktop and <a href=\"https:\/\/citationstyles.org\/\" target=\"_blank\" rel=\"noopener noreferrer\">many more<\/a> reference managers.<\/li>\n<li><b>Comprehensive support:<\/b> Detailed installation instructions, FAQs and a public library with citation examples will help you to use the style.<\/li>\n<\/ul>","protected":false},"featured_media":1787,"comment_status":"open","ping_status":"closed","template":"","meta":[],"product_cat":[24],"product_tag":[],"class_list":{"0":"post-4998","1":"product","2":"type-product","3":"status-publish","4":"has-post-thumbnail","6":"product_cat-universitaetsstile","8":"first","9":"instock","10":"virtual","11":"taxable","12":"purchasable","13":"product-type-simple"},"_links":{"self":[{"href":"https:\/\/citationstyler.com\/en\/wp-json\/wp\/v2\/product\/4998","targetHints":{"allow":["GET"]}}],"collection":[{"href":"https:\/\/citationstyler.com\/en\/wp-json\/wp\/v2\/product"}],"about":[{"href":"https:\/\/citationstyler.com\/en\/wp-json\/wp\/v2\/types\/product"}],"replies":[{"embeddable":true,"href":"https:\/\/citationstyler.com\/en\/wp-json\/wp\/v2\/comments?post=4998"}],"wp:featuredmedia":[{"embeddable":true,"href":"https:\/\/citationstyler.com\/en\/wp-json\/wp\/v2\/media\/1787"}],"wp:attachment":[{"href":"https:\/\/citationstyler.com\/en\/wp-json\/wp\/v2\/media?parent=4998"}],"wp:term":[{"taxonomy":"product_cat","embeddable":true,"href":"https:\/\/citationstyler.com\/en\/wp-json\/wp\/v2\/product_cat?post=4998"},{"taxonomy":"product_tag","embeddable":true,"href":"https:\/\/citationstyler.com\/en\/wp-json\/wp\/v2\/product_tag?post=4998"}],"curies":[{"name":"wp","href":"https:\/\/api.w.org\/{rel}","templated":true}]}}

Zitierstil Universität Bayreuth &#8211; IMG Institut für Medizinmanagement und Gesundheitswissenschaften

<h3>Example citations:</h3>
<p><span style="text-decoration: underline;">Footnotes:</span><br />
1 Vgl. Campbell und Pedersen (2007), S. 333.<br />
2 Isaacson (2011).<br />
3 Mares (2001).<br />
4 Isaacson (2011), S. 22.</p>
<p><span style="text-decoration: underline;">Bibliography:</span><u><br />
</u>Campbell JL und Pedersen OK: The varieties of capitalism and hybrid success, Comparative Political Studies, 2007, 40(3), S. 307–332.<br />
Isaacson W: Steve Jobs, Simon &amp; Schuster, New York, NY, 2011.<br />
Mares I: Firms and the welfare state: When, why, and how does social policy matter to employers?, in: Hall PA und Soskice D (Hrsg.): Varieties of capitalism. The institutional foundations of comparative advantage, Oxford University Press, New York, 2001, S. 184–21</p>
<p>&nbsp;</p>
<p><strong>Warum für den offiziellen Zitierstil Universität Bayreuth &#8211; IMG Institut für Medizinmanagement und Gesundheitswissenschaften Zitierstil bezahlen?</strong></p>
<ul>
<li data-sourcepos="17:1-17:130"><strong>High-quality coding:</strong> The style has been developed by a <a href="https://citationstyler.com/en/professional-zotero-style-developer-csl-expert/">experienced Zotero style expert</a> and is continuously maintained and updated.</li>
<li data-sourcepos="18:1-18:161"><strong>Exclusivity:</strong> The style is <strong>no free</strong> and thus offers you the certainty that you are getting a <strong>high-quality</strong> product.</li>
<li data-sourcepos="19:1-19:129"><strong>Fair price</strong> The price for the style is significantly cheaper than the cost of a professional proofreading service.</li>
<li data-sourcepos="20:1-21:0"><strong>Support of the developer:</strong> By purchasing the style, you support the further development and maintenance of the style.</li>
</ul>
<p>&nbsp;</p>
<p><strong>Order now and benefit from the advantages:</strong></p>
<ul>
<li data-sourcepos="26:1-26:87"><strong>Fast delivery:</strong> You will receive the style by e-mail immediately after receipt of payment.</li>
<li data-sourcepos="27:1-27:119"><strong>Simple installation:</strong> The style can be installed in your reference management program with just a few clicks.</li>
<li data-sourcepos="28:1-29:0"><strong>Secure payment:</strong> Pay conveniently and securely by PayPal or credit card.</li>
</ul>
<p>&nbsp;</p>
<h3>Notes about the style</h3>
<p><span style="text-decoration: underline;"><strong>vgl.&#8220; fehlt?</strong></span><br />
This can be added in Zotero using the prefix field. To do this, click on the citation in Word and a field will appear to enter the prefix and suffix, as well as the exact page number.</p>
<p><span style="text-decoration: underline;"><strong>My footnote numbering style is incorrect. How can I change it?</strong></span><br />
The footnote numbering is NOT managed by the citation style, but by Word. You can therefore change this yourself in Word. The citation style has no control over this. Please seek Word-specific help for this.</p>
<p><span style="text-decoration: underline;"><strong>Found an error?</strong></span><br />
With complex styles such as this, it can easily lead to discrepancies in special cases. Please consult the citation guidelines first and use a working example to check whether the data is entered <strong>correctly </strong>in <strong>Zotero. </strong>If it still looks like the style itself has an error, please write to me via <a href="mailto:info@citationstyler.com">info@citationstyler.com</a>.</p>
<p><span style="text-decoration: underline;"><strong>Disclaimer</strong></span><u><strong><br />
</strong></u>The file is only intended for use on the computer of the person who purchased the citation style. Forwarding the file to other users may be punished as a copyright infringement.</p>
<p>Incorrect data entry or user errors can lead to errors in your output. As the author of your work, you are responsible for any errors and it is recommended that you check all citations.</p>

<h3><strong>No more tedious citation formatting!</strong></h3>
<p>With the official <b>Zitierstil für die Zitierstil Universität Bayreuth &#8211; IMG Institut für Medizinmanagement und Gesundheitswissenschaften</b> for Zotero, RefWorks, Papers and other reference managers you'll be able to write your thesis error-free and without headaches.</p>
<p><b>Benefit from:</b></p>
<ul>
<li><b>Automatic formatting </b>by <strong>citations</strong> and <strong>your bibliography</strong>. The style is based on the  <a href="https://www.th-koeln.de/mam/downloads/deutsch/studium/studiengaenge/f02/rest_ba/f02_cics_merkblatt_ba_ma_studienarbeiten_190902.pdf"><strong>Richtlinien vom 20.01.2020</strong></a> <span id="isPasted">as linked</span>.</li>
<li><b>Saving valuable time and stress:</b> Forget about hours of manual formatting and concentrate on the essentials: your scientific work.</li>
<li><b>Compatibility with various programs:</b> Use the style with Zotero, RefWorks, Papers, Mendeley Desktop and <a href="https://citationstyles.org/" target="_blank" rel="noopener noreferrer">many more</a> reference managers.</li>
<li><b>Comprehensive support:</b> Detailed installation instructions, FAQs and a public library with citation examples will help you to use the style.</li>
</ul>
